(q) = -3*n(q) + 2*u(q). Let l be m(5). Suppose -2*f + f = -l*v + 751, v = -f + 245. Is v prime?
False
Let o(k) = -k**3 - 4*k**2 + k - 2. Let w be o(-4). Let h = w - 30. Is 168/h*114/(-4) prime?
False
Let w(b) = -5*b - 9*b**2 + 3 - b**3 - 2 - b. Suppose -36 = 4*p + 2*c, -2*p + 27*c - 22*c = 18. Is w(p) prime?
False
Let o = -5312 - -9999. Is o composite?
True
Is (-2 + 3)*(-3 - -8 - -4913) prime?
False
Suppose 4*w = -5*i - 6, -3*i + 2*i - 2*w - 6 = 0. Let k = -5 + 9. Suppose i*g - k*q = 182, -449 = -g - 4*g + 4*q. Is g prime?
True
Is 8/4*(9010/4 - -1) composite?
False
Let x = 3420 + 33553. Is x composite?
False
Let c be 4 - 7/(28/16). Suppose 8*d - 7*d - 2 = c. Suppose -4306 = -d*v - 708. Is v a composite number?
True
Is 88/(-132)*1/1*-137001 a composite number?
True
Suppose 7*v - 2651 = -4*v. Suppose 4*l + 1010 = 5*l. Let b = l - v. Is b a composite number?
False
Let c be -4 + (-4)/((-16)/52). Suppose -1976 - c = -5*f. Is f prime?
True
Suppose 0 = -p + 5*b + 1503, 4*p - 6*p + 3*b = -3034. Is p prime?
True
Let s(x) = -x + 18. Let h be s(15). Suppose -h*j - 2*z + 1755 = 0, -4*j + 4*z - 352 = -2672. Is j a composite number?
True
Suppose 0 = -3*f + 6283 + 40898. Is f a prime number?
True
Let n = 227 + 576. Is n a composite number?
True
Suppose 5*z - 16 = -56. Let p(v) = -26*v - 7. Is p(z) composite?
True
Let i = 5360 - 1651. Is i a prime number?
True
Let p(t) = 298*t**3 - t**2 - t + 2. Let a = 93 + -92. Is p(a) a prime number?
False
Suppose -238 = -0*h - h + 3*q, -3*h + 5*q + 726 = 0. Is h composite?
True
Let g(p) = 2*p**2 + p. Let d be g(-1). Let u = d - -2. Suppose b - 4*b = u*o - 1731, -5*o + 2897 = 2*b. Is o a prime number?
False
Let q be 4/14 - (-190)/70. Suppose 2*b - 210 = -y, 10 = -q*y - 2*y. Is b a prime number?
False
Let v(i) = 366*i**3 + 4*i**2 + 8*i - 7. Is v(4) a prime number?
False
Suppose -1149830 = -20*h - 2*h. Is h a composite number?
True
Suppose 791*y + 385432 = 799*y. Is y prime?
True
Let i(c) be the first derivative of -5*c**4/6 - c**3/2 + 7*c**2/2 + 2. Let b(l) be the second derivative of i(l). Is b(-2) composite?
False
Suppose -g - 3*n = -4*n - 75, n = 4*g - 285. Let f(a) = 2*a**3 - 16*a**2 + 4*a - 21. Let d be f(7). Let r = g - d. Is r prime?
False
Suppose -6*a = -0*a - 54. Suppose a*y - 13*y + 5892 = 0. Is y a prime number?
False
Is 5/10*4 - (-13705)/5 prime?
False
Let h = -4522 + 6964. Suppose -3*o = -9*o + h. Is o a composite number?
True
Suppose -78 + 1093 = 5*g. Let b = 351 + g. Is b composite?
True
Suppose 0 = 5*j + 5*c + 8 - 3, -4*j = 5*c + 1. Is (-4)/j*-57*51/(-9) a composite number?
True
Suppose -3*b - 2046 = o - 2*b, 2*b = 6. Let q = -1342 - o. Is q a composite number?
True
Suppose 2091 + 1137 = 4*i. Suppose -q + i = 2*q. Is q a composite number?
False
Let d(h) = -80*h + 127. Is d(-12) prime?
True
Let g = -67449 - -108463. Is g a prime number?
False
Suppose 65732 + 2667 = f. Is f a prime number?
True
Let d(z) = 9*z**2 + 22*z - 138. Is d(-31) a prime number?
True
Let q(v) = 2*v**2 + 7*v + 1. Let h be q(-4). Is 383/h + 38/95 a composite number?
True
Let m(c) = -19*c + 1. Let z be m(1). Let o be (-81)/z - (-1)/2. Let q(x) = 3*x**2 - 1. Is q(o) prime?
False
Suppose -14 + 2 = -x. Let c be (x - 9) + 536/1. Let v = c - 316. Is v a composite number?
False
Let c(z) = 2*z**2 + 2*z - 2. Let v be c(4). Let q = -88 + 216. Suppose -j + v = -5*f, -4*j + 7*j - q = f. Is j a composite number?
False
Suppose 5*j - 84 = j. Let v = 15 - j. Is (-6)/(-9) + (-344)/v a prime number?
False
Let f be ((-3)/6 + 1)*8. Suppose 0*a = 5*a, f*a - 210 = -3*h. Is 20/h - 145/(-7) prime?
False
Let x = 194 + -194. Let b be 4796 + (0 + 1 - 2). Suppose x = -14*w + 9*w + b. Is w prime?
False
Let d(k) = k**2 + 1. Let t(m) = 6*m**3 - 8*m**2 + 4*m + 1. Let x(r) = 2*d(r) + t(r). Is x(4) a composite number?
False
Let v(n) = -184*n + 109. Is v(-10) a composite number?
False
Suppose -35 = -2*t - 5*j, 5*t - 5*j + 0*j = 0. Suppose -t*x + 6 = -4*x. Is -58*x*2/(-8) prime?
False
Let m(d) = 11*d**2 + 3*d. Let y be m(-3). Suppose 0 = -9*g - y + 1071. Is g composite?
False
Let l(o) = 6*o + 1. Let m be l(1). Suppose 2*p - m*p + 20 = 0. Suppose 58 = p*f - 18. Is f composite?
False
Let v be (-3 + 1)*2/(-4). Suppose -168 - 498 = -6*n. Is (v + -4 - -5) + n prime?
True
Let x = 3884 - 2163. Is x a prime number?
True
Suppose -23*d - 40 = -19*d. Is (8/(-12))/(d/23055) prime?
False
Suppose -248*n - 1945 = -249*n. Is n a prime number?
False
Suppose 4*r + a - 43 - 5 = 0, 0 = 2*a. Is (18/r)/(3/518) prime?
False
Suppose -2*l + l = 2*n - 6, 4*l - 42 = n. Suppose 0*v - 1090 = -l*v. Is v a prime number?
True
Suppose -2*q + 4*d = -60, 0 = -3*q + d + 3 + 67. Suppose 948 = -q*l + 26*l. Is l a prime number?
False
Suppose 0*n + 7 = n. Let y(m) = 2*m - 8. Let i be y(n). Is (199/(-2))/((-3)/i) a composite number?
False
Suppose -4*o + 382 + 194 = 0. Let y be (50/(-3))/(8/o). Let b = y + 446. Is b a composite number?
True
Let x be ((-27)/(-18))/((-3)/(-4)). Let v(g) = -32 + 2*g**2 + 27 + x*g**2. Is v(-4) composite?
False
Suppose 4*w = 2*w + 390. Let c(s) = 17*s**2 + 12*s - 20. Let v be c(2). Suppose -v - w = -3*l. Is l a prime number?
True
Suppose 5*k - 8 - 4 = -4*c, 5*c = 3*k + 15. Suppose k = -2*b + 128 + 402. Is b prime?
False
Suppose -11*n = -14*n + 4497. Is n a composite number?
False
Let o(j) = 5*j**2 - 12*j - 9. Let w be o(9). Suppose -w = -y + 403. Is y a composite number?
False
Let o(x) = x**3 + 4*x**2 - x + 1. Let b(a) = a**3 + 3*a**2 - a + 2. Let s(n) = 6*b(n) - 5*o(n). Is s(6) a prime number?
False
Let m(v) = 21*v**2 - 19*v - 23. Is m(-22) a composite number?
False
Let g(l) = 2 + 4*l - 3 + l**2 + 0*l**3 - 2*l**3 + 5*l**3. Suppose -4*o - 5*h - 2 = 3, 5*h + 25 = 0. Is g(o) composite?
False
Let z = -90 + 167. Suppose 23*v - 24*v = -z. Is v composite?
True
Let h be 4/(-10) + (-13208)/(-20). Suppose 0 = 2*g + 2*g - h. Suppose 0 = -3*s - 0*s + g. Is s composite?
True
Suppose -4*h - 4 = -8. Is 121 - (6/(-3) + h) a composite number?
True
Suppose 18 = -4*u - 10. Is (21/(-6))/u*(3785 - -1) composite?
True
Suppose -j - 2*a = -4 + 3, -22 = 3*j + a. Let x(c) = 2*c**2 - 13*c - 25. Is x(j) a composite number?
True
Suppose 0 = -15*j + 131787 + 77808. Is j composite?
True
Let r(k) = 3*k**3 - 13*k**2 + 35*k - 29. Let j(m) = -m**3 + 7*m**2 - 17*m + 14. Let f(o) = -5*j(o) - 2*r(o). Let x = 1948 - 1959. Is f(x) a composite number?
True
Let u(f) = f**2 - 13*f - 30. Let j be u(10). Let z be 2/3 - 200/j. Is 1181/z - (-5)/(-20) composite?
True
Let d(y) = 57*y**2 + 6. Let h be d(-4). Suppose 3*g + 908 = r, r - 2*g - h = 3*g. Is r composite?
True
Let g(p) = -4*p - 1. Let a(f) = -f + 4. Let q = 0 + 8. Let z be a(q). Is g(z) composite?
True
Suppose -47*b + 29342 = 2*j - 51*b, 4*j - 4*b = 58680. Is j prime?
True
Suppose 7443 = -2*v + 5*y, -3*v - 5833 = 4*y + 5389. Let a = 5247 + v. Is a a composite number?
True
Suppose 3*j + 2*q + 49 = 0, -3*j + 2*q - 11 = -2*j. Is (4/6 + -1)*(j + -1950) prime?
False
Let r(t) = -t**2 + 10*t - 8. Let k be r(9). Let b(g) = 5 - g**3 + 4*g**2 - k - 4*g + 1 + 2*g. Is b(-4) prime?
False
Suppose 2*m = -3*h + 18411, 14181 + 13437 = 3*m + 5*h. Suppose m = -4*f - 36075. Is (-10)/45 + f/(-27) a prime number?
True
Let q(f) = 4*f**2 - 9*f - 23. Is q(-14) prime?
True
Is 2/((-3904)/(-1948) - 2) a composite number?
False
Let b = -893 - -1732. Is b composite?
False
Let l(x) be the first derivative of 9*x**3 - 13*x**2/2 + 25*x + 22. Is l(6) a prime number?
True
Suppose -f - 2*f - 5*n = -26, 4*f + 2*n = 16. Suppose 2029 = 5*d + 2*l, -l - 410 = -f*d + d. Is d composite?
True
Suppose 18 + 6 = -2*x. Let m = 17 + x. Suppose 2*c + 27 - 603 = m*f, -3*c + 875 = -2*f. Is c a prime number?
True
Let n = 45570 - 13501. Is n composite?
False
Let j(p) = -6*p + 5. Let x(i) = 11*i - 9. Let l(z) = 7*j(z) + 4*x(z). Let g be l(2). Suppose -g*h - 551 = -o, -o - o = -5*h - 1104. Is o prime?
True
Let u be ((-2)/(-5))/(6/120). Let h = u + -3. Suppose 2*o - 79 = -z + 346, h*z = o - 196. Is o prime?
True
Suppose 4*r + r - 4643 = -w, 0 = 5*w + 2*r - 23307. Is w a composite number?
False
Let k(r) = -r**3 - 17*r**2 + r - 2. Let c be k(-18). Let z = 461 - c. Is z a composite number?
False
Let t(a) = -73*a**2 + 80*a**2 - 2 - 2 + 6*a. Is t(-5) a composite number?
True
Suppose 0 = 2*l + v - 2*v - 492, 3*v - 720 = -3*l. Suppos